8. What is the units digit of b?
8
Let t = 12312 - -189. What is the tens digit of t?
0
Suppose -12*a + 65 = -7. What is the hundreds digit of ((-50)/a)/(27/(-1701))?
5
Let y(r) = 4*r - 20. Let x be y(6). Suppose c - 2*u + 10 = 5*c, 3*c - 10 = -x*u. Suppose -4*i + 2*z + 3*z = -204, 2*i + c*z = 120. What is the tens digit of i?
5
Let w(l) = 188*l**2 + 13*l - 24. What is the units digit of w(-8)?
4
Let w(l) = 10*l**2 - 152*l - 160*l + 1 + 310*l. Let a be 3*-2*2/6. What is the tens digit of w(a)?
4
Let h(j) = j**3 - 9*j**2 - 3*j - 7. Suppose 27*p - 33 = 24*p. Let y be h(p). Suppose -3*c = -200 - y. What is the hundreds digit of c?
1
Let h(r) = -14*r + 2. Let o be h(-22). What is the hundreds digit of (-6)/((-1555)/o + 5)?
3
Let k(i) = 2*i**2 - 9*i - 34. Let v(m) = 5*m + 70. Let j be v(-12). What is the units digit of k(j)?
6
Let p = -341 - -693. Suppose 5*t + l - 5 = 6*l, t - 3*l = -3. Suppose 5*m - p = -t*m. What is the units digit of m?
4
Suppose 0 = -l - 4, -5*q - l + 208 = 2*l. What is the units digit of ((5/(-10))/(1/q))/(-2)?
1
What is the tens digit of 1050/300 + (-13254)/(-4)?
1
Let j = 102 - -106. Suppose -2*a = 5*k - 166 + 34, -4*a + j = -4*k. Suppose 0 = -2*g + 164 + a. What is the units digit of g?
0
Suppose 0 = -y - 4 + 8. Suppose -y*v = -r - 51, 5*v + 4*r - 52 = 17. Let m = 41 - v. What is the tens digit of m?
2
Let i(j) = j**3 - 10*j**2 - 8*j + 24. Let u be i(11). Let f(b) = -16*b - 9. Let g be f(-9). Let o = g - u. What is the units digit of o?
8
Suppose -19*n + 21540 = 7*n - 46320. What is the tens digit of n?
1
Let h(d) = -d**3 - 18*d**2 - 13*d + 53. Let y be h(-17). Let m(l) = 3*l**2 + 34*l + 76. What is the units digit of m(y)?
1
Let x = -108 + 108. Let d be x/(-4) + 3 + -85. Let t = d - -217. What is the tens digit of t?
3
Suppose -13*d + 41198 + 24218 = 0. What is the hundreds digit of d?
0
Let d be (27/(-12))/(1/(-12)). Suppose -3*y + 243 - 321 = 0. Let q = d - y. What is the units digit of q?
3
Suppose -4*g - 10392 = -d, 0 = 3*d + 718*g - 713*g - 31040. What is the hundreds digit of d?
3
Suppose 7*m = 2*w + 2*m - 106, 2*m - 4 = 0. What is the tens digit of w*(-3)/(-6) - (-4 + 5)?
2
Let f = -13 + 71. Let t = -58 + f. Let s = 19 + t. What is the tens digit of s?
1
Let w(s) = s**2 + 8*s - 5. Let n be w(-10). Let b = n + -12. What is the tens digit of (1 + 19 - (b + 0))/1?
1
Suppose -8*r + 5*r - 3*p + 21591 = 0, 4*p + 14388 = 2*r. What is the hundreds digit of r?
1
Suppose -y + 3*h + h = 2, 0 = y + 2*h - 16. Suppose -y*o + 5*o - 350 = 0. Let n = o - -163. What is the units digit of n?
3
Let n(r) = 748*r + 302. What is the thousands digit of n(3)?
2
Let k(h) = 3*h**2 + 5*h + 12. Let v be k(-3). Let s = -37 - v. Let j = s - -202. What is the units digit of j?
1
Let y be -1*(-10161)/(-18)*4. Let h = y + 3491. What is the tens digit of h?
3
Suppose -222315 = -1390*r + 1375*r. What is the tens digit of r?
2
Let h be (-7)/4*(-32 + 24). Suppose -1763 + 237 = -h*q. What is the tens digit of q?
0
Let a(c) = 20*c - 1. Let x be a(-1). Let p be -5378 - (1 + 3) - (-10 - -17 - 4). What is the units digit of p/x + 28/49?
7
Let k be (-6)/((-15)/35*(-7)/(-2)). Suppose 573 = 4*n - 3*x - 0*x, 5*n - 717 = k*x. Suppose 2*y + 19 - n = 0. What is the units digit of y?
1
Let z be 34*1/2 - (-5 - -7). Suppose -4*g + 20 = -x, -2*x + 0*x - z = -3*g. Suppose g*b + 5*b = 290. What is the tens digit of b?
2
Let r = 675 - 672. Suppose -167*n + 171*n = -r*t + 5568, 0 = -3*n + 3*t + 4155. What is the units digit of n?
9
Suppose -3*m - 14*m + 69116 + 43781 = 0. What is the units digit of m?
1
Let m(y) = 712*y - 2640. What is the hundreds digit of m(20)?
6
Let w(a) = 76*a**2 + 12*a + 89. Let r be w(-7). Suppose -16*b + r + 1295 = 0. What is the units digit of b?
4
Let l(x) = 25*x**2 + 137*x + 132. What is the thousands digit of l(28)?
3
Suppose 5*k + 2*s - 945 = 877, -5*k + 5*s + 1850 = 0. Let t = k - -1140. What is the units digit of t?
6
Let n(c) = 818*c**2 - 24*c - 45. Let u be n(-2). Let d = u + -2218. What is the thousands digit of d?
1
Suppose 90*b = 95*b - 40. What is the units digit of (24060/b)/3 - 6/(-4)?
4
What is the ten thousands digit of (324/15)/((-164)/(-112750))?
1
Let y(v) = -4*v - 17. Suppose 0 - 15 = 5*g. Let b be y(g). What is the tens digit of 1/(-5)*134*b + 3?
3
Let f(c) = -8*c + 2. Let b(i) = -i**3 + 10*i**2 + 24*i + 2. Let d be b(12). Let z be f(d). Let r(y) = y**2 + 6*y - 7. What is the tens digit of r(z)?
0
Let s(v) = -2869*v - 90. What is the thousands digit of s(-2)?
5
Let k(o) = 104*o**3 - 4*o**2 + 3*o - 8. Suppose -y = 3*p - 1, 4*p - 9 = 5*y + 24. What is the units digit of k(p)?
4
Let s(m) = 78*m + 3. Suppose 3*z + 95 = 8*z. Suppose 2*v - 23 = -z. What is the hundreds digit of s(v)?
1
Let u be (1 + 0)*-1 - (-9 + -3). Suppose 6*f = r + 2*f - u, 0 = -4*r - f + 10. Suppose -r*o + 2184 = 11*o. What is the hundreds digit of o?
1
Let s be -2*((-4)/(-7) + 8823/(-238)). Suppose -2*m + m + 3 = 0. Suppose -5*w + k + 3*k = -s, m*k + 71 = 5*w. What is the tens digit of w?
1
Suppose 579*a - 580*a = 3*m - 33764, 0 = -3*m - 5*a + 33736. What is the hundreds digit of m?
2
Let d = -8900 + 16589. What is the thousands digit of d?
7
Let p(m) = -76*m - 46. What is the units digit of p(-20)?
4
Suppose 592*f = 14183496 + 38668255 - 14127255. What is the units digit of f?
3
Let k = 24 + -19. Suppose -k*m - 594 = -4659. What is the hundreds digit of m?
8
Suppose 0 = 2*p + 621 - 2259. What is the units digit of p?
9
Suppose v - 148447 = -4*s, 3*v + 67120 + 81363 = 4*s. What is the units digit of s?
4
Let v = 33 + -100. Let m = 71 + v. Suppose -m*w + 29 + 35 = 0. What is the tens digit of w?
1
Let w(p) = -p**3 + 25*p**2 - 24*p - 1. Suppose -o + 95 = 4*u, 4 = -2*o - 2*o. Let n be w(u). What is the units digit of n/((-4)/668)*1?
7
Let i(r) = -28*r + 2. Let w be i(-6). Let t = w - 112. Let v = 193 - t. What is the units digit of v?
5
What is the tens digit of 273217/46*(-8)/(-14)?
9
What is the units digit of ((-36)/(-48))/(7/25228)?
3
Let x = 72094 + -43206. What is the tens digit of x?
8
What is the tens digit of 38/(-323) + (-4556119)/(-289)?
6
Let n(i) = 4*i - 19 - 3*i + 8 + 6*i - 48. What is the units digit of n(37)?
0
Suppose -r - z = 349, 0 = -6*r + 8*r - z + 695. Let f = 23 - r. What is the units digit of f?
1
Let w = 33 + -29. Suppose 5*c = -2*x + 109, 0 = w*c - 3 - 1. Suppose -x = -5*q + 4*j + 105, -4*j = -4*q + 124. What is the tens digit of q?
3
Let a(y) = 25*y - 308. Let s = -964 + 990. What is the units digit of a(s)?
2
Suppose -574 = -7*q - 294. Suppose 44*p - 964 = q*p. What is the tens digit of p?
4
Let z = -2461 - -4003. Suppose 3*w - z = 4*t, 12*t = 16*t. What is the hundreds digit of w?
5
Suppose -2*m + 57 = -4*v + 11, 0 = -4*m - 3*v + 81. Suppose y - m = 86. Suppose 3*b = 2*s - y + 14, -4*s = 2*b - 194. What is the units digit of s?
8
Suppose 124*r = 412188 + 6199740. What is the ten thousands digit of r?
5
Suppose -1814*w + 2603392 = -1726*w. What is the units digit of w?
4
Let i(c) = 21*c**2 - 55*c - 278. What is the thousands digit of i(-10)?
2
Suppose -17*y = -90 - 12. What is the hundreds digit of (-6*200/y)/(2/(-3))?
3
Let b(q) = -9*q**2 - 4*q + 2. Let d be b(-2). Let x = 571 - d. What is the tens digit of x?
9
Let g(i) = -i**2 - 5*i + 9. Let w be g(-6). Suppose -4*n + w = -17. Suppose n*o + 4*l = 2*o + 53, 4*o = 2*l + 56. What is the tens digit of o?
1
Suppose -2*o = 5*k - 5, -2*k = -6*k - 2*o + 2. Suppose -s + 3*s - 1309 = -k*m, 4*m - 2620 = -4*s. What is the hundreds digit of s?
6
What is the hundreds digit of 30871 - (-165)/75*10?
8
What is the units digit of 11882*(16 + (5 - 20))?
2
What is the tens digit of 0 + 9929 + (7 - -2) + -6?
3
Let m = -19736 - -24565. What is the tens digit of m?
2
Let v(f) = f + 48. Let i be v(-6). Let k = -56 - i. Let l = 90 - k. What is the hundreds digit of l?
1
Let o(g) = 16*g + 82. Let b(k) = k**2 + k. Let f be b(-3). What is the units digit of o(f)?
8
Suppose 217490 = 57*g + 26141. What is the units digit of g?
7
Let x = -304 + 306. Suppose 0 = w - 4*m - 104, -17*w + x*m = -13*w - 444. What is the hundreds digit of w?
1
Let q be (-4)/1 + 6 - 2. Suppose 7*l = -q*l + 1456. What is the tens digit of l?
0
Let s = 14271 + -3139. Suppose -7*o = -51*o + s. What is the tens digit of o?
5
Suppose 23